{"id":12194,"date":"2024-12-21T22:44:54","date_gmt":"2024-12-21T22:44:54","guid":{"rendered":"https:\/\/www.arkane-wear.fr\/?post_type=product&#038;p=12194"},"modified":"2026-03-10T01:00:08","modified_gmt":"2026-03-10T01:00:08","slug":"sweat-blizzard-noir-2","status":"publish","type":"product","link":"https:\/\/www.arkane-wear.fr\/index.php\/product\/sweat-blizzard-noir-2\/","title":{"rendered":"Sweat Blizzard noir"},"content":{"rendered":"\t\t<div data-elementor-type=\"product-post\" data-elementor-id=\"12194\" class=\"elementor elementor-12194\" data-elementor-post-type=\"product\">\n\t\t\t\t<div class=\"elementor-element elementor-element-73e6254a e-flex e-con-boxed e-con e-parent\" data-id=\"73e6254a\" data-element_type=\"container\">\n\t\t\t\t\t<div class=\"e-con-inner\">\n\t\t\t\t<div class=\"elementor-element elementor-element-5a81f1a2 elementor-widget elementor-widget-text-editor\" data-id=\"5a81f1a2\" data-element_type=\"widget\" data-widget_type=\"text-editor.default\">\n\t\t\t\t\t\t\t\t\t<p>Sweat Polaire Blizzard<\/p><p><br \/>Confort &amp; Chaleur In\u00e9gal\u00e9s<br \/>Affrontez l&rsquo;hiver avec style et confort gr\u00e2ce au mod\u00e8le Blizzard, un sweat polaire r\u00e9volutionnaire qui se distingue par son tissu unique, con\u00e7u pour offrir une chaleur optimale sans compromettre la l\u00e9g\u00e8ret\u00e9. Sa texture innovante, ultra douce et r\u00e9sistante, enveloppe votre corps d&rsquo;une chaleur intense, tout en assurant une grande libert\u00e9 de mouvement. Que ce soit pour vos aventures en ext\u00e9rieur ou vos moments de d\u00e9tente, le Blizzard est l&rsquo;alli\u00e9 parfait pour vous garder au chaud, m\u00eame dans les conditions les plus extr\u00eames. Laissez-vous s\u00e9duire par la qualit\u00e9 exceptionnelle de ce mod\u00e8le, qui combine performance et \u00e9l\u00e9gance.<\/p><p>Un sweat polaire qui ne ressemble \u00e0 aucun autre, pour un confort durable et un style qui traverse l\u2019hiver sans faillir.<\/p><p>Condition de lavage :<br \/>Tissu 100% coton <br \/>Retourner les v\u00eatements pour le lavage <br \/>Repassage pour \u00e9tendre \u00e0 nouveau le tissu <br \/>Lavage 30 degr\u00e9s max<\/p>\t\t\t\t\t\t\t\t<\/div>\n\t\t\t\t\t<\/div>\n\t\t\t\t<\/div>\n\t\t\t\t<\/div>\n\t\t","protected":false},"excerpt":{"rendered":"<p>Sweat Polaire Blizzard Confort &amp; Chaleur In\u00e9gal\u00e9s Affrontez l&rsquo;hiver avec style et confort gr\u00e2ce au mod\u00e8le Blizzard, un sweat polaire r\u00e9volutionnaire qui se distingue par&#8230;<\/p>\n","protected":false},"featured_media":12141,"comment_status":"open","ping_status":"closed","template":"","meta":{"wds_primary_brand":0,"wds_primary_product_brand":0,"wds_primary_product_cat":0},"etheme_brands":[],"product_brand":[],"product_cat":[63,64],"product_tag":[],"class_list":{"0":"post-12194","1":"product","2":"type-product","3":"status-publish","4":"has-post-thumbnail","6":"product_cat-nouveautes","7":"product_cat-sweat","9":"first","10":"outofstock","11":"taxable","12":"shipping-taxable","13":"purchasable","14":"product-type-variable"},"_links":{"self":[{"href":"https:\/\/www.arkane-wear.fr\/index.php\/wp-json\/wp\/v2\/product\/12194","targetHints":{"allow":["GET"]}}],"collection":[{"href":"https:\/\/www.arkane-wear.fr\/index.php\/wp-json\/wp\/v2\/product"}],"about":[{"href":"https:\/\/www.arkane-wear.fr\/index.php\/wp-json\/wp\/v2\/types\/product"}],"replies":[{"embeddable":true,"href":"https:\/\/www.arkane-wear.fr\/index.php\/wp-json\/wp\/v2\/comments?post=12194"}],"version-history":[{"count":1,"href":"https:\/\/www.arkane-wear.fr\/index.php\/wp-json\/wp\/v2\/product\/12194\/revisions"}],"predecessor-version":[{"id":12201,"href":"https:\/\/www.arkane-wear.fr\/index.php\/wp-json\/wp\/v2\/product\/12194\/revisions\/12201"}],"wp:featuredmedia":[{"embeddable":true,"href":"https:\/\/www.arkane-wear.fr\/index.php\/wp-json\/wp\/v2\/media\/12141"}],"wp:attachment":[{"href":"https:\/\/www.arkane-wear.fr\/index.php\/wp-json\/wp\/v2\/media?parent=12194"}],"wp:term":[{"taxonomy":"brand","embeddable":true,"href":"https:\/\/www.arkane-wear.fr\/index.php\/wp-json\/wp\/v2\/etheme_brands?post=12194"},{"taxonomy":"product_brand","embeddable":true,"href":"https:\/\/www.arkane-wear.fr\/index.php\/wp-json\/wp\/v2\/product_brand?post=12194"},{"taxonomy":"product_cat","embeddable":true,"href":"https:\/\/www.arkane-wear.fr\/index.php\/wp-json\/wp\/v2\/product_cat?post=12194"},{"taxonomy":"product_tag","embeddable":true,"href":"https:\/\/www.arkane-wear.fr\/index.php\/wp-json\/wp\/v2\/product_tag?post=12194"}],"curies":[{"name":"wp","href":"https:\/\/api.w.org\/{rel}","templated":true}]}}